{"id":3,"date":"2025-06-12T15:12:39","date_gmt":"2025-06-12T15:12:39","guid":{"rendered":"https:\/\/citralcar.pt\/?page_id=3"},"modified":"2025-07-31T16:29:35","modified_gmt":"2025-07-31T16:29:35","slug":"privacy-policy","status":"publish","type":"page","link":"https:\/\/citralcar.pt\/?page_id=3","title":{"rendered":"Termos de Utiliza\u00e7\u00e3o e Privacidade"},"content":{"rendered":"[et_pb_section fb_built=&#8221;1&#8243; admin_label=&#8221;section&#8221; _builder_version=&#8221;4.27.4&#8243; hover_enabled=&#8221;0&#8243; global_colors_info=&#8221;{}&#8221; title_text=&#8221;um-carro-dirigindo-em-uma-estrada-com-uma-sombra-do-sol-no-topo_781958-3960&#8243; background_image=&#8221;https:\/\/citralcar.pt\/wp-content\/uploads\/2025\/07\/um-carro-dirigindo-em-uma-estrada-com-uma-sombra-do-sol-no-topo_781958-3960-1.avif&#8221; sticky_enabled=&#8221;0&#8243; custom_margin=&#8221;||-72px|||&#8221;][et_pb_row admin_label=&#8221;row&#8221; _builder_version=&#8221;4.16&#8243; background_size=&#8221;initial&#8221; background_position=&#8221;top_left&#8221; background_repeat=&#8221;repeat&#8221; global_colors_info=&#8221;{}&#8221;][et_pb_column type=&#8221;4_4&#8243; _builder_version=&#8221;4.16&#8243; custom_padding=&#8221;|||&#8221; hover_enabled=&#8221;0&#8243; global_colors_info=&#8221;{}&#8221; custom_padding__hover=&#8221;|||&#8221; sticky_enabled=&#8221;0&#8243;][et_pb_text _builder_version=&#8221;4.27.4&#8243; _module_preset=&#8221;default&#8221; hover_enabled=&#8221;0&#8243; sticky_enabled=&#8221;0&#8243; custom_margin=&#8221;||91px|||&#8221; custom_padding=&#8221;||0px|||&#8221;]<h2><strong><span style=\"color: #ffffff;\">Termos de Utiliza\u00e7\u00e3o e Privacidade<\/span><\/strong><\/h2>[\/et_pb_text][\/et_pb_column][\/et_pb_row][\/et_pb_section][et_pb_section fb_built=&#8221;1&#8243; admin_label=&#8221;section&#8221; _builder_version=&#8221;4.16&#8243; global_colors_info=&#8221;{}&#8221; custom_padding=&#8221;3px|||||&#8221;][et_pb_row admin_label=&#8221;row&#8221; _builder_version=&#8221;4.16&#8243; background_size=&#8221;initial&#8221; background_position=&#8221;top_left&#8221; background_repeat=&#8221;repeat&#8221; global_colors_info=&#8221;{}&#8221;][et_pb_column type=&#8221;4_4&#8243; _builder_version=&#8221;4.16&#8243; custom_padding=&#8221;|||&#8221; global_colors_info=&#8221;{}&#8221; custom_padding__hover=&#8221;|||&#8221;][et_pb_text admin_label=&#8221;Text&#8221; _builder_version=&#8221;4.27.4&#8243; background_size=&#8221;initial&#8221; background_position=&#8221;top_left&#8221; background_repeat=&#8221;repeat&#8221; global_colors_info=&#8221;{}&#8221;]<p><\/p>\n<p>Recomenda-se a leitura atentamente dos\u00a0<strong>Termos de Utiliza\u00e7\u00e3o e Privacidade<\/strong> do website da CitralCar.<\/p>\n<p>Com o acesso e utiliza\u00e7\u00e3o deste Site, o utilizador declara ter lido, compreendido e aceite os Termos de Utiliza\u00e7\u00e3o e de Privacidade abaixo descritos, sem necessidade de qualquer acto ou consentimento posterior.<\/p>\n<p><\/p>\n<p><\/p>\n<h2 class=\"wp-block-heading\">\u00a0<\/h2>\n<h2 class=\"wp-block-heading\">Direitos de Autor e de Propriedade Industrial<\/h2>\n<p><\/p>\n<p><\/p>\n<p>O conte\u00fado deste Site, incluindo a marca registada e todos os dados nele mencionado, s\u00e3o da propriedade ou do uso exclusivo da Citralcar &#8211; Autom\u00f3veis Lda e de empresas por si autorizadas, e est\u00e3o protegidas nos termos gerais de direito e pela legisla\u00e7\u00e3o nacional e internacional de prote\u00e7\u00e3o da Propriedade Intelectual.<\/p>\n<p>A propaga\u00e7\u00e3o para uso pessoal \u00e9 permitida, mas est\u00e3o totalmente proibidas as altera\u00e7\u00f5es n\u00e3o autorizadas, c\u00f3pias, ou venda de qualquer conte\u00fado deste Site.<\/p>\n<p>S\u00e3o autorizados os usos livres definidos por lei, nomeadamente o direito de cita\u00e7\u00e3o, sempre que seja identificada expressamente a sua origem, e que modifique os documentos originais.<\/p>\n<p>\u00c9 permitida ao utilizador a publica\u00e7\u00e3o de conte\u00fado a partir deste Site, como seja o caso de Not\u00edcias ou outra informa\u00e7\u00e3o similar, na condi\u00e7\u00e3o de o aviso de direitos de autor, seja claramente identificado em todas c\u00f3pias produzidas e desde que, o fim das mesmas, seja meramente informativo e n\u00e3o possua efeitos comerciais ou pessoais. Ser\u00e1 objeto de processo judicial o infrator relacionado com atos aqui proibidos ou n\u00e3o autorizados.<\/p>\n<p>Todos os dados pessoais e restantes informa\u00e7\u00f5es comunicados atrav\u00e9s da internet, s\u00e3o da nossa propriedade e uso exclusivo. Tal informa\u00e7\u00e3o n\u00e3o ter\u00e1 que ser tratada por n\u00f3s como confidencial, mas o seu uso ser\u00e1 restrito e apenas, divulgada a parceiros para feitos de contacto de pedido de informa\u00e7\u00f5es do utilizador do Site.<\/p>\n<p><\/p>\n<p><\/p>\n<p><\/p>\n<h2 class=\"wp-block-heading\">\u00a0<\/h2>\n<h2 class=\"wp-block-heading\">Cookies<\/h2>\n<p><\/p>\n<p><strong>S\u00e3o utilizados cookies no Site?<\/strong><\/p>\n<p>N\u00e3o recorremos ao uso de cookies, pelo que n\u00e3o necessita de ativar\/desativar estas funcionalidades do browser para aceder a todo o conte\u00fado.<\/p>\n<p>N\u00e3o apresentados an\u00fancios de terceiros, que muitas vezes utilizam cookies para recolherem informa\u00e7\u00f5es.<\/p>\n<p><\/p>\n<p>\u00a0<\/p>\n<p><\/p>\n<p><\/p>\n<h2 class=\"wp-block-heading\">Links<\/h2>\n<p><\/p>\n<p><strong>Qual a finalidade dos links internos?<\/strong><\/p>\n<p>A Citralcar utiliza com frequ\u00eancia links internos, apenas e s\u00f3, com a finalidade de melhorar as propriedades de usabilidade do Site.<\/p>\n<p><strong>A Citralcar\u00a0 utiliza links para sites externos?<\/strong><\/p>\n<p>Sim, as p\u00e1ginas deste Site, poder\u00e3o recorrer \u00e0 utiliza\u00e7\u00e3o de links para websites externos seguros, mas apenas com uma finalidade informativa.<\/p>\n<p>&nbsp;<\/p>\n<p><\/p>\n<p><\/p>\n<h2 class=\"wp-block-heading\">Recolha de dados<\/h2>\n<p><\/p>\n<p><strong>Como s\u00e3o tratados os dados fornecidos atrav\u00e9s do Site?<\/strong><\/p>\n<p>Por regra, os dados neste Site, limitam-se ao nome, endere\u00e7o, n\u00famero de telefone ou correio eletr\u00f3nico, mas poder\u00e3o ser recolhidos outros dados necess\u00e1rios ao fornecimento de produtos ou servi\u00e7os.<\/p>\n<p>Estes dados s\u00e3o solicitados antes da submiss\u00e3o dos formul\u00e1rios a preencher pelo utilizador do Site, tais como, o formul\u00e1rio de contacto.<\/p>\n<p>A finalidade da recolha de informa\u00e7\u00f5es pessoais e empresariais visa substancialmente a realiza\u00e7\u00e3o dos objetivos para os quais foram recolhidos, sendo para uso exclusivo das finalidades comerciais da Citralcar &#8211; Autom\u00f3veis Lda.<\/p>\n<p><strong>Quem \u00e9 respons\u00e1vel pelo tratamento dos dados?<\/strong><\/p>\n<p>O respons\u00e1vel pelo tratamento dos dados \u00e9 a Citralcar &#8211; Autom\u00f3veis Lda.<\/p>\n<p><\/p>\n<p><\/p>\n<h2 class=\"wp-block-heading\">\u00a0<\/h2>\n<h2>Recolha de dados pessoais<\/h2>\n<p><\/p>\n<p><strong>Que dados pessoais s\u00e3o recolhidos?<\/strong><\/p>\n<p>Os dados pessoais recolhidos neste site atrav\u00e9s de um formul\u00e1rio de contacto est\u00e3o limitados ao nome, e-mail e telefone.<\/p>\n<p><strong>Quem \u00e9 o respons\u00e1vel pela recolha de dados pessoais?<\/strong><\/p>\n<p>O respons\u00e1vel pelo tratamento dos dados \u00e9 a Citralcar &#8211; Autom\u00f3veis Lda., existindo internamente um Respons\u00e1vel pelo Tratamento de dados pessoais.<\/p>\n<p><strong>Quem ter\u00e1 acesso aos dados recolhidos?<\/strong><\/p>\n<p>Os dados pessoais recolhidos neste site, podem ser consultados pelo Respons\u00e1vel pelo Tratamento de dados pessoais, e por outras pessoas autorizadas, de acordo com as permiss\u00f5es do regulamento interno da empresa.<\/p>\n<p><strong>Qual a finalidade dos dados recolhidos?<\/strong><\/p>\n<p>Os dados pessoais recolhidos neste site t\u00eam como finalidade a identifica\u00e7\u00e3o que permita a realiza\u00e7\u00e3o de posteriores contactos comerciais ou de servi\u00e7o p\u00f3s-venda. Tamb\u00e9m podem ser utilizados para envio de informa\u00e7\u00f5es legais e campanhas dos nossos produtos.<\/p>\n<p><strong>Por quanto tempo ser\u00e3o retidos os dados pessoais?<\/strong><\/p>\n<p>Os dados pessoais recolhidos ser\u00e3o retidos na nossa base de dados pelo tempo estritamente necess\u00e1rio para processamento no \u00e2mbito comercial e de servi\u00e7o p\u00f3s-venda. A qualquer momento o titular dos dados pessoais pode exercer o direito ao esquecimento sobre estes dados recolhidos.<\/p>\n<p><strong>Como se pode aceder, verificar e retificar os dados pessoais?<\/strong><\/p>\n<p>Para obter as informa\u00e7\u00f5es e solicitar a\u00e7\u00f5es sobre os seus dados pessoais, poder\u00e1 enviar um e-mail para citralcar@gmail.com<\/p>\n<p><strong>A quem posso reclamar?<\/strong><\/p>\n<p>Para efetuar uma reclama\u00e7\u00e3o obter as informa\u00e7\u00f5es e a\u00e7\u00f5es praticadas sobre os seus dados pessoais, poder\u00e1 enviar um e-mail para citralcar@gmail.com.<\/p>\n<p><\/p>\n<p><\/p>\n<p><\/p>\n<h2 class=\"wp-block-heading\">\u00a0<\/h2>\n<h2>Atualiza\u00e7\u00e3o dos Termos de Utiliza\u00e7\u00e3o e Privacidade<\/h2>\n<p><\/p>\n<p><strong>Posso contribuir para melhorar o conte\u00fado dos Termos de Utiliza\u00e7\u00e3o e Privacidade?<\/strong><\/p>\n<p>Sim, a Citralcar agradece a colabora\u00e7\u00e3o de todos os intervenientes deste Site, por forma, alcan\u00e7ar um servi\u00e7o de excel\u00eancia, o mais rapidamente poss\u00edvel.<\/p>\n<p>As sugest\u00f5es podem ser submetidas para o e-mail citralcar@gmail.com<\/p>\n<p><strong>Quando s\u00e3o atualizados os Termos de Utiliza\u00e7\u00e3o e Privacidade?<\/strong><\/p>\n<p>Sempre que se demonstre oportuno e necess\u00e1rio este conte\u00fado ser\u00e1 revisto, por forma, a garantir um servi\u00e7o de maior qualidade.<\/p>\n<p>O conte\u00fado dos Termos de Utiliza\u00e7\u00e3o e Privacidade foram revistos e atualizados em 25 de julho de 2025.<\/p>\n<p><strong>Para onde posso enviar ou esclarecer as minhas d\u00favidas?<\/strong><\/p>\n<p>Poder\u00e1 obter informa\u00e7\u00e3o adicional ou esclarecer qualquer d\u00favida sobre os Termos de Utiliza\u00e7\u00e3o e Privacidade, bastando para o efeito remeter as suas quest\u00f5es para:<\/p>\n<p><strong>Citralcar &#8211; Autom\u00f3veis, Lda\u00a0<\/strong><br \/>Estada Nacional 2, N\u00ba 366, Vermum \u2013 Campo &#8211; 3515-331 Viseu \u2013 Portugal<\/p>\n<p>ou para o e-mail citralcar@gmail.com<\/p>\n<p><\/p>[\/et_pb_text][\/et_pb_column][\/et_pb_row][\/et_pb_section]","protected":false},"excerpt":{"rendered":"<p>Termos de Utiliza\u00e7\u00e3o e Privacidade Recomenda-se a leitura atentamente dos\u00a0Termos de Utiliza\u00e7\u00e3o e Privacidade do website da CitralCar. Com o acesso e utiliza\u00e7\u00e3o deste Site, o utilizador declara ter lido, compreendido e aceite os Termos de Utiliza\u00e7\u00e3o e de Privacidade abaixo descritos, sem necessidade de qualquer acto ou consentimento posterior. \u00a0 Direitos de Autor e [&hellip;]<\/p>\n","protected":false},"author":1,"featured_media":0,"parent":0,"menu_order":0,"comment_status":"closed","ping_status":"closed","template":"","meta":{"_et_pb_use_builder":"on","_et_pb_old_content":"<!-- wp:heading --><!-- \/wp:heading -->\r\n\r\n<!-- wp:paragraph -->\r\n<p>Recomenda-se a leitura atentamente dos\u00a0<strong>Termos de Utiliza\u00e7\u00e3o e Privacidade<\/strong> do website da CitralCar.<\/p>\r\n<p>Com o acesso e utiliza\u00e7\u00e3o deste Site, o utilizador declara ter lido, compreendido e aceite os Termos de Utiliza\u00e7\u00e3o e de Privacidade abaixo descritos, sem necessidade de qualquer acto ou consentimento posterior.<\/p>\r\n<!-- \/wp:paragraph -->\r\n\r\n<!-- wp:heading -->\r\n<h2>\u00a0<\/h2>\r\n<h2 class=\"wp-block-heading\">Direitos de Autor e de Propriedade Industrial<\/h2>\r\n<!-- \/wp:heading -->\r\n\r\n<!-- wp:paragraph --><!-- \/wp:paragraph -->\r\n\r\n<!-- wp:paragraph -->\r\n<p>O conte\u00fado deste Site, incluindo a marca registada e todos os dados nele mencionado, s\u00e3o da propriedade ou do uso exclusivo da Citralcar - Autom\u00f3veis Lda e de empresas por si autorizadas, e est\u00e3o protegidas nos termos gerais de direito e pela legisla\u00e7\u00e3o nacional e internacional de prote\u00e7\u00e3o da Propriedade Intelectual.<\/p>\r\n<p>A propaga\u00e7\u00e3o para uso pessoal \u00e9 permitida, mas est\u00e3o totalmente proibidas as altera\u00e7\u00f5es n\u00e3o autorizadas, c\u00f3pias, ou venda de qualquer conte\u00fado deste Site.<\/p>\r\n<p>S\u00e3o autorizados os usos livres definidos por lei, nomeadamente o direito de cita\u00e7\u00e3o, sempre que seja identificada expressamente a sua origem, e que modifique os documentos originais.<\/p>\r\n<p>\u00c9 permitida ao utilizador a publica\u00e7\u00e3o de conte\u00fado a partir deste Site, como seja o caso de Not\u00edcias ou outra informa\u00e7\u00e3o similar, na condi\u00e7\u00e3o de o aviso de direitos de autor, seja claramente identificado em todas c\u00f3pias produzidas e desde que, o fim das mesmas, seja meramente informativo e n\u00e3o possua efeitos comerciais ou pessoais. Ser\u00e1 objeto de processo judicial o infrator relacionado com atos aqui proibidos ou n\u00e3o autorizados.<\/p>\r\n<p>Todos os dados pessoais e restantes informa\u00e7\u00f5es comunicados atrav\u00e9s da internet, s\u00e3o da nossa propriedade e uso exclusivo. Tal informa\u00e7\u00e3o n\u00e3o ter\u00e1 que ser tratada por n\u00f3s como confidencial, mas o seu uso ser\u00e1 restrito e apenas, divulgada a parceiros para feitos de contacto de pedido de informa\u00e7\u00f5es do utilizador do Site.<\/p>\r\n<!-- \/wp:paragraph -->\r\n\r\n<!-- wp:heading --><!-- \/wp:paragraph -->\r\n\r\n<!-- wp:heading -->\r\n<h2>\u00a0<\/h2>\r\n<h2 class=\"wp-block-heading\">Cookies<\/h2>\r\n<!-- \/wp:heading -->\r\n\r\n<!-- wp:paragraph -->\r\n<p><strong>S\u00e3o utilizados cookies no Site?<\/strong><\/p>\r\n<p>N\u00e3o recorremos ao uso de cookies, pelo que n\u00e3o necessita de ativar\/desativar estas funcionalidades do browser para aceder a todo o conte\u00fado.<\/p>\r\n<p>N\u00e3o apresentados an\u00fancios de terceiros, que muitas vezes utilizam cookies para recolherem informa\u00e7\u00f5es.<\/p>\r\n<!-- \/wp:paragraph -->\r\n\r\n<!-- wp:paragraph -->\r\n<p>\u00a0<\/p>\r\n<!-- \/wp:paragraph -->\r\n\r\n<!-- wp:heading -->\r\n<h2 class=\"wp-block-heading\">Links<\/h2>\r\n<!-- \/wp:heading -->\r\n\r\n<!-- wp:paragraph -->\r\n<p><strong>Qual a finalidade dos links internos?<\/strong><\/p>\r\n<p>A Citralcar utiliza com frequ\u00eancia links internos, apenas e s\u00f3, com a finalidade de melhorar as propriedades de usabilidade do Site.<\/p>\r\n<p><strong>A Citralcar\u00a0 utiliza links para sites externos?<\/strong><\/p>\r\n<p>Sim, as p\u00e1ginas deste Site, poder\u00e3o recorrer \u00e0 utiliza\u00e7\u00e3o de links para websites externos seguros, mas apenas com uma finalidade informativa.<\/p>\r\n<p>\u00a0<\/p>\r\n<!-- \/wp:paragraph -->\r\n\r\n<!-- wp:heading -->\r\n<h2 class=\"wp-block-heading\">Recolha de dados<\/h2>\r\n<!-- \/wp:heading -->\r\n\r\n<!-- wp:paragraph -->\r\n<p><strong>Como s\u00e3o tratados os dados fornecidos atrav\u00e9s do Site?<\/strong><\/p>\r\n<p>Por regra, os dados neste Site, limitam-se ao nome, endere\u00e7o, n\u00famero de telefone ou correio eletr\u00f3nico, mas poder\u00e3o ser recolhidos outros dados necess\u00e1rios ao fornecimento de produtos ou servi\u00e7os.<\/p>\r\n<p>Estes dados s\u00e3o solicitados antes da submiss\u00e3o dos formul\u00e1rios a preencher pelo utilizador do Site, tais como, o formul\u00e1rio de contacto.<\/p>\r\n<p>A finalidade da recolha de informa\u00e7\u00f5es pessoais e empresariais visa substancialmente a realiza\u00e7\u00e3o dos objetivos para os quais foram recolhidos, sendo para uso exclusivo das finalidades comerciais da Citralcar - Autom\u00f3veis Lda.<\/p>\r\n<p><strong>Quem \u00e9 respons\u00e1vel pelo tratamento dos dados?<\/strong><\/p>\r\n<p>O respons\u00e1vel pelo tratamento dos dados \u00e9 a Citralcar - Autom\u00f3veis Lda.<\/p>\r\n<!-- \/wp:paragraph -->\r\n\r\n<!-- wp:heading -->\r\n<h2 class=\"wp-block-heading\">\u00a0<\/h2>\r\n<h2>Recolha de dados pessoais<\/h2>\r\n<!-- \/wp:heading -->\r\n\r\n<!-- wp:paragraph -->\r\n<p><strong>Que dados pessoais s\u00e3o recolhidos?<\/strong><\/p>\r\n<p>Os dados pessoais recolhidos neste site atrav\u00e9s de um formul\u00e1rio de contacto est\u00e3o limitados ao nome, email e telefone.<\/p>\r\n<p><strong>Quem \u00e9 o respons\u00e1vel pela recolha de dados pessoais?<\/strong><\/p>\r\n<p>O respons\u00e1vel pelo tratamento dos dados \u00e9 a Citralcar - Autom\u00f3veis Lda., existindo internamente um Respons\u00e1vel pelo Tratamento de dados pessoais.<\/p>\r\n<p><strong>Quem ter\u00e1 acesso aos dados recolhidos?<\/strong><\/p>\r\n<p>Os dados pessoais recolhidos neste site, podem ser consultados pelo Respons\u00e1vel pelo Tratamento de dados pessoais, e por outras pessoas autorizadas, de acordo com as permiss\u00f5es do regulamento interno da empresa.<\/p>\r\n<p><strong>Qual a finalidade dos dados recolhidos?<\/strong><\/p>\r\n<p>Os dados pessoais recolhidos neste site t\u00eam como finalidade a identifica\u00e7\u00e3o que permita a realiza\u00e7\u00e3o de posteriores contactos comerciais ou de servi\u00e7o p\u00f3s-venda. Tamb\u00e9m podem ser utilizados para envio de informa\u00e7\u00f5es legais e campanhas dos nossos produtos.<\/p>\r\n<p><strong>Por quanto tempo ser\u00e3o retidos os dados pessoais?<\/strong><\/p>\r\n<p>Os dados pessoais recolhidos ser\u00e3o retidos na nossa base de dados pelo tempo estritamente necess\u00e1rio para processamento no \u00e2mbito comercial e de servi\u00e7o p\u00f3s-venda. A qualquer momento o titular dos dados pessoais pode exercer o direito ao esquecimento sobre estes dados recolhidos.<\/p>\r\n<p><strong>Como se pode aceder, verificar e retificar os dados pessoais?<\/strong><\/p>\r\n<p>Para obter as informa\u00e7\u00f5es e solicitar a\u00e7\u00f5es sobre os seus dados pessoais, poder\u00e1 enviar um e-mail para citralcar@gmail.com<\/p>\r\n<p><strong>A quem posso reclamar?<\/strong><\/p>\r\n<p>Para efetuar uma reclama\u00e7\u00e3o obter as informa\u00e7\u00f5es e a\u00e7\u00f5es praticadas sobre os seus dados pessoais, poder\u00e1 enviar um e-mail para citralcar@gmail.com.<\/p>\r\n<!-- \/wp:paragraph -->\r\n\r\n<!-- wp:paragraph --><!-- \/wp:paragraph -->\r\n\r\n<!-- wp:heading -->\r\n<h2>\u00a0<\/h2>\r\n<h2>Atualiza\u00e7\u00e3o dos Termos de Utiliza\u00e7\u00e3o e Privacidade<\/h2>\r\n<!-- \/wp:heading -->\r\n\r\n<!-- wp:paragraph -->\r\n<p><strong>Posso contribuir para melhorar o conte\u00fado dos Termos de Utiliza\u00e7\u00e3o e Privacidade?<\/strong><\/p>\r\n<p>Sim, a Citralcar agradece a colabora\u00e7\u00e3o de todos os intervenientes deste Site, por forma, alcan\u00e7ar um servi\u00e7o de excel\u00eancia, o mais rapidamente poss\u00edvel.<\/p>\r\n<p>As sugest\u00f5es podem ser submetidas para o e-mail citralcar@gmail.com<\/p>\r\n<p><strong>Quando s\u00e3o atualizados os Termos de Utiliza\u00e7\u00e3o e Privacidade?<\/strong><\/p>\r\n<p>Sempre que se demonstre oportuno e necess\u00e1rio este conte\u00fado ser\u00e1 revisto, por forma, a garantir um servi\u00e7o de maior qualidade.<\/p>\r\n<p>O conte\u00fado dos Termos de Utiliza\u00e7\u00e3o e Privacidade foram revistos e atualizados em 25 de julho de 2025.<\/p>\r\n<p><strong>Para onde posso enviar ou esclarecer as minhas d\u00favidas?<\/strong><\/p>\r\n<p>Poder\u00e1 obter informa\u00e7\u00e3o adicional ou esclarecer qualquer d\u00favida sobre os Termos de Utiliza\u00e7\u00e3o e Privacidade, bastando para o efeito remeter as suas quest\u00f5es para:<\/p>\r\n<p><strong>Citralcar - Autom\u00f3veis, Lda\u00a0<\/strong><br \/>Estada Nacional 2, N\u00ba 366, Vermum \u2013 Campo - 3515-331 Viseu \u2013 Portugal<\/p>\r\n<p>ou para o e-mail citralcar@gmail.com<\/p>\r\n<!-- \/wp:paragraph -->","_et_gb_content_width":"","footnotes":""},"class_list":["post-3","page","type-page","status-publish","hentry"],"_links":{"self":[{"href":"https:\/\/citralcar.pt\/index.php?rest_route=\/wp\/v2\/pages\/3","targetHints":{"allow":["GET"]}}],"collection":[{"href":"https:\/\/citralcar.pt\/index.php?rest_route=\/wp\/v2\/pages"}],"about":[{"href":"https:\/\/citralcar.pt\/index.php?rest_route=\/wp\/v2\/types\/page"}],"author":[{"embeddable":true,"href":"https:\/\/citralcar.pt\/index.php?rest_route=\/wp\/v2\/users\/1"}],"replies":[{"embeddable":true,"href":"https:\/\/citralcar.pt\/index.php?rest_route=%2Fwp%2Fv2%2Fcomments&post=3"}],"version-history":[{"count":6,"href":"https:\/\/citralcar.pt\/index.php?rest_route=\/wp\/v2\/pages\/3\/revisions"}],"predecessor-version":[{"id":354,"href":"https:\/\/citralcar.pt\/index.php?rest_route=\/wp\/v2\/pages\/3\/revisions\/354"}],"wp:attachment":[{"href":"https:\/\/citralcar.pt\/index.php?rest_route=%2Fwp%2Fv2%2Fmedia&parent=3"}],"curies":[{"name":"wp","href":"https:\/\/api.w.org\/{rel}","templated":true}]}}